35 = 5*w. Determine v(p).
-14
Let l = 5043 + -5042. Let b(d) be the first derivative of -19*d**4/2 - d**3/3 + 13. What is b(l)?
-39
Let q(f) = -f**3 - f - 2. Suppose -t = 33 - 29, 0 = -4*m - 5*t - 4. Suppose -u - 1 = 4*g - 2, m*u - 20 = 0. What is q(g)?
0
Suppose 189*t + 770 = 35*t. Let z(x) = -14*x - 53. Determine z(t).
17
Let m(r) = 9*r + 7216 + 6*r**2 - 14445 + 7220 - r**3. Give m(7).
5
Let y = -516 + 508. Let b(s) be the third derivative of s**5/60 + 3*s**4/8 - 2*s**3/3 - s**2 - 41. Give b(y).
-12
Let o(z) = 9*z**2 - 1 - 8*z**2 - 3 + z. Let p be (-36)/(-28)*70/30. Give o(p).
8
Let r(q) = -10*q**2 - 2*q + 6. Suppose -3*v = -4*o - 13, -5*o - 35 = -30. Let g(i) = -7*i**2 - 2*i + 5. Let h(m) = v*g(m) - 2*r(m). Calculate h(-5).
-12
Suppose -39 = 3*y - 3*x, -4*y + 2*y = -4*x + 16. Let h(j) = j**3 + 18*j**2 + 5*j + 85. Determine h(y).
-5
Let i(o) be the first derivative of 3*o**2/2 + 5*o + 1. Let q = -102407 - -102405. Calculate i(q).
-1
Let x(v) = -23*v**2 + 13*v + 17. Let i(t) = -64*t**2 + 36*t + 52. Let d(f) = -4*i(f) + 11*x(f). What is d(-4)?
31
Let l(z) = 2*z**2 - 2*z - 4. Suppose 0 = 2*q + 2 + 4. Let u be l(q). Suppose -5*i = -i - u. Let y(a) = a**2 - 5*a - 5. What is y(i)?
-5
Let z(k) = k**2 - 14*k + 7. Let n(g) = -44*g + 846. Let d be n(19). What is z(d)?
-33
Let v be (21/126)/(((-11)/(-6))/11). Let d(o) = 8*o - 7. Determine d(v).
1
Let b(a) = 3*a - 2. Let w(c) = 4*c. Let r(p) = -29*p + 26. Let j(t) = 2*r(t) - 6*w(t). Let s(m) = 52*b(m) + 2*j(m). Let v(i) = -i. Let k be v(-1). Give s(k).
-8
Let z(v) = 3699 - 7407 - 2*v - 4*v**2 + 3709. Calculate z(2).
-19
Suppose 0 = -3*y - 6, -2*s - 70 = -s + 3*y. Let z = 117 + s. Suppose -z = -7*x - 4. Let b(d) = -d**2 + 9*d - 6. Give b(x).
8
Let j(r) = 2*r - 17. Suppose -5 + 9 = 2*y - 4*c, -4*y - 5*c + 21 = 0. Give j(y).
-9
Let o(b) be the second derivative of 5*b**3/6 + b**2 - 97*b. Suppose -3*z + 0*k = -2*k - 3, 3*k - 9 = 0. What is o(z)?
17
Let d(p) = 6*p**3 + 11*p**2 + 6*p - 6. Let a(m) = m**3 + m**2. Let j(n) = 5*a(n) - d(n). Let b be j(-5). Let y(f) = -f**3 + 11*f**2 + f - 6. Determine y(b).
5
Let i(y) = -2*y**2. Let q(d) = -d**3 + 16*d**2 - 2. Let s(f) = 4*i(f) + q(f). Let p be s(8). Let v(x) = -x + 2. Determine v(p).
4
Let h(s) = 6*s + 1. Let a(y) be the second derivative of -y**3/2 - y**2/2 + 6*y. Let u(j) = -13*a(j) - 6*h(j). Let x be (21/9 - 2)*-18. What is u(x)?
-11
Let r(s) = s**3 + 3*s**2 - 2*s - 4. Let a be r(-3). Let w be a/(-4) + (-22)/4. Let p(z) = 1558*z**2 + 1531*z**2 - 3*z - 3090*z**2 - 5*z - 9. Calculate p(w).
3
Let q = 366 - 372. Let l(y) = -8*y + 17. Let v(m) = -4*m + 8. Let n(t) = q*l(t) + 13*v(t). What is n(2)?
-6
Suppose 100 = -8*j + 364. Let c(l) = -2*l - 62 + 33 + j. Let s = -41 - -45. Determine c(s).
-4
Let h(l) = l**2 - 23*l + 61. Let b = 5927 + -5908. What is h(b)?
-15
Let r(t) = t**2 - 9*t - 1. Let i be ((-91)/14 + 5)*4/(-3). Suppose -f + j = -i*j - 38, -5*f - 2*j + 156 = 0. Suppose 5*k - 8 = f. Calculate r(k).
-9
Suppose -4 = -m, 8*q = 3*q + 2*m + 7. Let j be 3*((5 - 9) + q). Let y(x) = x**3 + 3*x**2 - 2*x - 5. What is y(j)?
1
Let z(k) = -45 - 10*k + 2*k + k - 2 - 31. Give z(-8).
-22
Let s(u) = -7*u**2 + 22*u. Let l be s(3). Let x(r) = 5*r + 20*r**3 + 8*r**2 - 21*r**l - 8 + 5*r. Give x(9).
1
Let w(b) = -b**2. Let u(n) = 2*n**2 + 3*n. Let q = -70 - -98. Let h = q - 29. Let i(x) = h*u(x) - 3*w(x). Calculate i(3).
0
Let k(s) = -3*s**3 + 2*s - 1. Let d(u) = u**3 - 21*u**2 - 3*u + 61. Let j be d(21). Let y(b) = b**3 + 4*b**2 + 3*b - 1. Let x be y(j). Calculate k(x).
-2
Suppose -n + 14 = 4. Let y(w) = 4 - 11*w**2 + w**3 + n*w**2 - 3 - w. Let h = 3212 + -3214. Give y(h).
-9
Suppose 30 + 4 = 17*q - 17. Let z(o) = -o**2 + 6*o - 9. Determine z(q).
0
Suppose -5*f - 1050 = 3*n, 7*n - 5*n + 631 = -3*f. Let y = 210 + f. Let a(r) = 4*r**2 + 2. Let q(i) = -3*i**2 + i - 1. Let z(g) = 2*a(g) + 3*q(g). What is z(y)?
1
Let n(z) = -2*z**3 - 11*z**2 - 61*z + 5. Let k(c) = -3*c**3 - 17*c**2 - 88*c + 7. Let v(x) = -5*k(x) + 7*n(x). Suppose 3*g + 8 + 10 = 0. What is v(g)?
-6
Let z(n) = 3*n**2 + 40*n + 20. Let y(i) = -3*i**2 - 41*i - 20. Let c(l) = -6*y(l) - 5*z(l). Calculate c(-15).
5
Let d(l) = -2*l - 4. Let z = -34 - -31. Let a be d(z). Let s(x) = x**2 + 3 + 0 + 9*x + 0*x**a. Calculate s(-8).
-5
Let t(l) = -l - 4 + l - l + 2*l. Let p(w) = -8*w**2 - 282*w - 832. Let h be p(-32). Determine t(h).
-4
Suppose 0 = -4*d + 4*g - 464, 0 = -g - g + 6. Let w = -111 - d. Suppose 2*z = -2*c, w*z - 2 = -5*c + c. Let r(h) = -7*h + 1. What is r(c)?
-6
Let n = 296 - 292. Suppose 0 = 277*q - 273*q - n. Let a(o) = o - 1. Calculate a(q).
0
Let i(b) = -6*b + 11. Let p(h) = h**2 - 8*h + 9. Let v be p(6). Let m be i(v). Let w(f) = -6*f + f**2 - m + 8 + 12. What is w(7)?
-2
Suppose -12*b + 140 = -316. Let w(y) = -84 + b - y + 44 + y**2. Give w(4).
10
Let t(r) = 4*r + 1. Suppose 146 = 13*s - 14*s. Let p = s - -148. Give t(p).
9
Let d(h) be the second derivative of 0 + 9/2*h**2 - 1/3*h**3 + 2*h + 1/20*h**5 - 7/12*h**4. Let v be -88 + 98 + -5 + 3 + -1. Calculate d(v).
-5
Let y(d) = 759 - 306 + 2*d + 3*d - 318. Calculate y(-24).
15
Let d(a) = a**3 - a**2 + a. Let n = -122 + 123. Let m(i) = -4*i**3 + 9*i**2 - 10*i + 4. Let r(c) = n*m(c) + 3*d(c). Give r(5).
-6
Let m(n) be the third derivative of -n**4/3 - 5*n**3/2 - 251*n**2 - 5*n. What is m(3)?
-39
Let h be (12/(-10))/(-5*(-12)/(-300)). Suppose 3*f + l - 7 = 0, -4*f - 2*l + 4 + h = 0. Let r(m) = m**3 + 2*m**2 + 2*m - 1. Calculate r(f).
19
Let m(g) be the second derivative of 2*g**3/3 + 105*g**2/2 + 1946*g. What is m(-24)?
9
Let i(s) = -8*s**2 - s - 2. Let t(d) = d + 49. Let w be t(-33). Suppose 6 = 10*j + w. Give i(j).
-9
Let z(y) be the second derivative of y**4/4 + 2*y**3/3 + 3*y**2/2 - 2132*y. Calculate z(-2).
7
Let d(z) = z**2 - 6*z - 4. Let h(w) = -w + 12. Let u be h(8). Suppose p - 3 = u. Suppose 3*r - 35 = 2*n - p, 0 = -r - 3*n - 9. Give d(r).
-4
Let s(n) = -4*n + 30. Let o be s(7). Suppose 2*h + 5*d - 41 = o*d, 2*h + d - 47 = 0. Let m be -2 + 40/(h/5). Let z(k) = -k**3 + 7*k**2 - 6*k - 6. What is z(m)?
-6
Let t be 1 - (11/9 - ((-20)/45)/(-2)). Let y(i) = 2*i**2 + 7*i + 45. Give y(t).
45
Let u(j) = j**2 + 17*j - 142. Let o = 12663 + -12686. Calculate u(o).
-4
Let k(t) be the first derivative of 0*t - 1/2*t**2 - 94. Calculate k(11).
-11
Let b(l) be the first derivative of l**3/3 + 15*l**2/2 + 18*l - 882. Determine b(-13).
-8
Let o(a) be the first derivative of 21 - 5/2*a**2 + 1/6*a**3 + 1/30*a**5 - 1/8*a**4 + 0*a. Let w(h) be the second derivative of o(h). What is w(3)?
10
Let v be ((-6 - -1*(2 + -3)) + 8)*29. Let w(r) = -4*r + 127. Calculate w(v).
11
Suppose a - p + 4 = 0, 19 = 5*a + 5*p + 9. Suppose v - 5*n + 22 = 0, -2*n = 5*v - 3*n - 10. Let y(q) = -5 + 4 - q + 0*q**3 - 2*q**3 + v*q**3. Determine y(a).
-1
Let z(a) be the third derivative of 34 - 1/24*a**4 - 2*a**2 + 0*a + 2/3*a**3. Determine z(3).
1
Let m be (-2)/3*3 + -2. Let a(x) = -5*x**3 + 10*x**2 - x + 16. Let g(f) = -23*f**3 + 42*f**2 - 8*f + 69. Let y(k) = 9*a(k) - 2*g(k). Determine y(m).
10
Suppose -19*h + 504 = -26*h. Let b be 3/4 + -1 - 882/h. Suppose 5*q + c = -37 + 7, q = c - b. Let p(g) = g + 10. Give p(q).
3
Suppose k - 5*o - 42 = -39, -4*k = -5*o + 3. Let u(h) be the first derivative of 2*h**2 - 4*h - 57. Calculate u(k).
-12
Let y be (4/6)/(((-8)/6)/(-4)). Let o(u) = -u**3 - 9*u**2 + 20*u**2 + 0*u**3 + 2 + 9*u**y. Give o(20).
2
Let c(l) = 5*l - 8. Let n(i) = -51*i + 81. Let t(o) = 21*c(o) + 2*n(o). Suppose 0 = -10*r + 2*s + 54, -4*r - 4*s + 0*s - 12 = 0. Calculate t(r).
6
Let b(m) = -m - 1. Let i(a) = -a**2 + 10*a + 3. Let t(n) = -4*b(n) - i(n). Let f(u) = -u**2 - 8*u + 387. Let h be f(0). Let g = 391 - h. Give t(g).
-7
Let x(j) = 3*j**2 - 15*j + 242. Let k(p) = p**2 - p + 50. Let i(v) = 4*k(v) - x(v). Determine i(-16).
38
Let c(x) = -x**3 - 8*x**2 + 7*x + 20. Suppose 8 = -2*s - 10. What is c(s)?
38
Let u(q) = 68*q + 3. Let o(d) = -48*d - 3. Let b(t) = -3*o(t) - 2*u(t). What is b(5)?
43
Let g = -30691 - -30697. Let i(o) = o**3 - 7*o**2 + 11*o - 20. Give i(g).
10
Let o(g) = -16*g + 240. Let v(q) = 17*q - 211. Let b(c) = 4*o(c) + 5*v(c). What is b(5)?
10
Suppose 141*r + 116*r = -3084. Let k(q) = q**2 + 12*q - 17. Calculate k(r).
-17
Let f(b) = -1763 - 1813 + 3540 - 12*b. What is f(-3)?
0
Let